{"id":64871,"date":"2024-12-20T11:21:54","date_gmt":"2024-12-20T10:21:54","guid":{"rendered":"https:\/\/urdla.com\/blog\/?page_id=64871"},"modified":"2024-12-20T11:22:53","modified_gmt":"2024-12-20T10:22:53","slug":"reservation-repeter-imprimer-15-fevrier-2025","status":"publish","type":"page","link":"https:\/\/urdla.com\/blog\/reservation\/reservation-repeter-imprimer-15-fevrier-2025\/","title":{"rendered":"R\u00e9servation R\u00e9p\u00e9ter, imprimer 15 f\u00e9vrier 2025"},"content":{"rendered":"<div id=\"pl-64871\"  class=\"panel-layout\" ><div id=\"pg-64871-0\"  class=\"panel-grid panel-no-style\" ><div id=\"pgc-64871-0-0\"  class=\"panel-grid-cell\" ><div id=\"panel-64871-0-0-0\" class=\"so-panel widget widget_sow-editor panel-first-child panel-last-child\" data-index=\"0\" ><div\n\t\t\t\n\t\t\tclass=\"so-widget-sow-editor so-widget-sow-editor-base\"\n\t\t\t\n\t\t>\n<div class=\"siteorigin-widget-tinymce textwidget\">\n\t<h3><\/h3>\n<h2><strong>R\u00e9servation<\/strong><\/h2>\n<h2>R\u00e9p\u00e9ter, imprimer<br \/>\npar Diego Thielemans<\/h2>\n<div><strong>Samedi 15 f\u00e9vrier 2025,\u00a0 \u00e0 17 heures 30\u00a0<\/strong><\/div>\n<p><em>Gratuit<\/em><\/p>\n<div role=\"form\" class=\"wpcf7\" id=\"wpcf7-f64859-o1\" lang=\"fr-FR\" dir=\"ltr\">\n<div class=\"screen-reader-response\"><\/div>\n<form action=\"\/blog\/wp-json\/wp\/v2\/pages\/64871#wpcf7-f64859-o1\" method=\"post\" class=\"wpcf7-form\" novalidate=\"novalidate\">\n<div style=\"display: none;\">\n<input type=\"hidden\" name=\"_wpcf7\" value=\"64859\" \/>\n<input type=\"hidden\" name=\"_wpcf7_version\" value=\"5.1\" \/>\n<input type=\"hidden\" name=\"_wpcf7_locale\" value=\"fr_FR\" \/>\n<input type=\"hidden\" name=\"_wpcf7_unit_tag\" value=\"wpcf7-f64859-o1\" \/>\n<input type=\"hidden\" name=\"_wpcf7_container_post\" value=\"0\" \/>\n<input type=\"hidden\" name=\"g-recaptcha-response\" value=\"\" \/>\n<\/div>\n<p><span class=\"wpcf7-form-control-wrap nom\"><input type=\"text\" name=\"nom\" value=\"\" size=\"40\" class=\"wpcf7-form-control wpcf7-text wpcf7-validates-as-required\" aria-required=\"true\" aria-invalid=\"false\" placeholder=\"Nom et pr\u00e9nom\" \/><\/span><\/p>\n<p><span class=\"wpcf7-form-control-wrap email\"><input type=\"email\" name=\"email\" value=\"\" size=\"40\" class=\"wpcf7-form-control wpcf7-text wpcf7-email wpcf7-validates-as-required wpcf7-validates-as-email\" aria-required=\"true\" aria-invalid=\"false\" placeholder=\"Adresse email\" \/><\/span><\/p>\n<p>Nombre de personnes : <span class=\"wpcf7-form-control-wrap personnes\"><input type=\"number\" name=\"personnes\" value=\"1\" class=\"wpcf7-form-control wpcf7-number wpcf7-validates-as-required wpcf7-validates-as-number\" min=\"1\" max=\"10\" aria-required=\"true\" aria-invalid=\"false\" \/><\/span><\/p>\n<p><input type=\"submit\" value=\"R\u00e9server\" class=\"wpcf7-form-control wpcf7-submit\" \/><\/p>\n<div class=\"wpcf7-response-output wpcf7-display-none\"><\/div><\/form><\/div>\n<\/div>\n<\/div><\/div><\/div><\/div><\/div>","protected":false},"excerpt":{"rendered":"<p>R\u00e9servation R\u00e9p\u00e9ter, imprimer par Diego Thielemans Samedi 15 f\u00e9vrier 2025,\u00a0 \u00e0 17 heures 30\u00a0 Gratuit<\/p>\n","protected":false},"author":4,"featured_media":0,"parent":956,"menu_order":0,"comment_status":"closed","ping_status":"closed","template":"","meta":[],"acf":[],"_links":{"self":[{"href":"https:\/\/urdla.com\/blog\/wp-json\/wp\/v2\/pages\/64871"}],"collection":[{"href":"https:\/\/urdla.com\/blog\/wp-json\/wp\/v2\/pages"}],"about":[{"href":"https:\/\/urdla.com\/blog\/wp-json\/wp\/v2\/types\/page"}],"author":[{"embeddable":true,"href":"https:\/\/urdla.com\/blog\/wp-json\/wp\/v2\/users\/4"}],"replies":[{"embeddable":true,"href":"https:\/\/urdla.com\/blog\/wp-json\/wp\/v2\/comments?post=64871"}],"version-history":[{"count":2,"href":"https:\/\/urdla.com\/blog\/wp-json\/wp\/v2\/pages\/64871\/revisions"}],"predecessor-version":[{"id":64875,"href":"https:\/\/urdla.com\/blog\/wp-json\/wp\/v2\/pages\/64871\/revisions\/64875"}],"up":[{"embeddable":true,"href":"https:\/\/urdla.com\/blog\/wp-json\/wp\/v2\/pages\/956"}],"wp:attachment":[{"href":"https:\/\/urdla.com\/blog\/wp-json\/wp\/v2\/media?parent=64871"}],"curies":[{"name":"wp","href":"https:\/\/api.w.org\/{rel}","templated":true}]}}